= -7, 0 = x + 2. Let u be 0 - 10/y*-2. Let n(p) = -p**2 - 5*p + 2. Calculate n(u).
2
Suppose -5*y + 4*k = -25, -10*y - 15 = -13*y + k. Let d(t) = -3 + 12*t + y + 6 + 11*t - 21*t. Calculate d(-6).
-4
Let f(p) = -20*p**2 + 77*p + 270. Let g(i) = -7*i**2 + 25*i + 90. Let z(a) = 6*f(a) - 17*g(a). Give z(39).
12
Let b(g) = -g**3 - 2*g**2 + 3*g + 5. Suppose 24*m - 34*m = 0. Calculate b(m).
5
Let a be ((-156)/(-13) + -2)/(-1). Let u(j) = -j**3 - 22*j**2 - 117*j + 31. Calculate u(a).
1
Suppose -4*s - 4 = -2*a, s + 0*s - a = -3. Let v(u) = -6 - s - 51*u + 50*u + 1. What is v(7)?
-13
Let w(t) = t**3 + 5*t**2 - 10*t - 3. Let n be 9 + -1 + 10 + -25. Give w(n).
-31
Let x = -38361 - -38361. Let r(p) be the third derivative of -45*p**2 + 7/24*p**4 + 2/3*p**3 + 1/60*p**5 + 0*p + x. Give r(-7).
4
Let c(t) = 408*t - 3263. Let r be c(8). Let x(q) = -6*q**3 - 2*q**2 - q + 2. What is x(r)?
-7
Let a(s) = -31*s + 35. Suppose -3*g - 167*u - 5 = -165*u, -2*u = -5*g + 13. Give a(g).
4
Let t(g) = 19*g - 3. Let m = 416 - 417. Give t(m).
-22
Let z be ((-18 + 18)/(-37))/(-1 + -3). Let a(w) be the third derivative of w**4/8 - w**3/6 + w**2. Let n(q) = -13*q + 5. Let v(l) = 9*a(l) + 2*n(l). Give v(z).
1
Let w = 4841 - 4835. Let g(o) = 4 - 8*o + 10*o - 8*o. Give g(w).
-32
Let h(q) = 26*q + 46. Let a be h(5). Let c(t) = 168 + 5*t + 2*t**2 - t**2 - a. Give c(-6).
-2
Let c(l) = 2 - 9*l + 0 + 10*l + 0. Let x be (-2)/3*(-126)/(-12). Give c(x).
-5
Let t(k) = -21*k - 521. Let p(l) = -39*l - 1003. Let s(j) = -4*p(j) + 7*t(j). What is s(-40)?
5
Let d = 2701/5418 - -4/2709. Let z(t) be the first derivative of -5*t - d*t**2 - 21. What is z(-7)?
2
Let i(a) = 2*a**2 + 5*a + 3. Let x be i(-3). Let u(d) be the first derivative of -d**2/2 - 6*d - 11934. Determine u(x).
-12
Suppose -7*o + 57 = -10*o + 4*q, -2*o + 2*q - 32 = 0. Let t(d) = -d**2 - d - 1. Let k(w) = -4*w**2 - 12*w - 4. Let y(c) = k(c) - 3*t(c). Determine y(o).
13
Suppose 0 = -3*a - 6*a - 72. Let p(j) be the second derivative of j**4/12 + 5*j**3/3 + 9*j**2/2 + 209*j. Determine p(a).
-7
Let r = -8635 + 8628. Let w(k) be the second derivative of -2*k**3/3 - 2*k**2 - 4*k. What is w(r)?
24
Let g(f) be the second derivative of 11*f**3/6 + 14*f**2 + 151*f - 39. What is g(5)?
83
Let k(v) = 11*v. Let p be 16/(-20)*(-10)/(-4). Let x = 214 + -190. Let m be (x/(-18) - -1)*(p + -1). Give k(m).
11
Let n(k) = -12*k + 405. Let g be n(34). Let v(l) = l**3 + l**2 + 2*l + 18. Give v(g).
-6
Let q(d) = -3*d**3 - 31*d**2 - 9*d + 6. Let v(c) = 2*c**3 + 25*c**2 + 9*c - 6. Let s(t) = 3*q(t) + 4*v(t). Give s(8).
2
Let p(m) be the third derivative of m**6/120 - 3*m**5/20 + m**4/24 + 47*m**3/6 + m**2 + 917*m. Determine p(8).
-9
Let t(w) = 2057*w**2 - 17 - 20*w + 5 - w**3 - 2039*w**2 + 0*w**3. Calculate t(17).
-63
Let x(r) = -3*r + 4 + 228*r**2 - 73*r**2 - 87*r**2 + 2*r - 78*r**2. Calculate x(-2).
-34
Suppose 4*g - 8*g + 12 = 0. Suppose -2*p - 5*t = g*p - 50, 4*t = -5*p + 47. Let d(u) = -p*u**2 + 7 - 8*u**2 + 0*u**2 + 6*u + 16*u**2. Give d(-5).
2
Suppose 8*w - 1344 = -1488. Let c(r) = -2*r**2 - 36*r + 5. Give c(w).
5
Let n(c) = -2*c**3 - c**2 - 29*c - 3. Let d(b) = 5*b**3 + 5*b**2 + 87*b + 7. Let y(m) = -3*d(m) - 8*n(m). Give y(10).
13
Let p(o) = 8*o + 1. Suppose -181*v + 179*v + 462 = 0. Let s = v + -233. Determine p(s).
-15
Let u(o) = 45*o**2 - 25*o - 12. Let p(t) = -30*t**2 + 16*t + 8. Let s(f) = -8*p(f) - 5*u(f). Calculate s(-1).
14
Let h(f) = -9 - 21 + 80 + 3*f - 22 - 18. What is h(4)?
22
Suppose -6*v + j = -11*v - 97, -3*v - 5*j - 45 = 0. Let i(b) = 11 - 15 + 2*b + 30 + 13. Give i(v).
-1
Suppose -3*u + 3*f + 9 = -0*f, 4*u = -4*f + 36. Suppose -5*w - 5*h + 25 = 0, w + 4*h - u = 4*w. Let y(d) = w*d**3 - 4*d**2 - d**3 + 58 - 56. Calculate y(4).
2
Let o(b) = 2*b**2 + 11*b + 6. Let m(r) = -r**2 - 29*r - 58. Let w be m(-27). Let y be o(w). Let j(x) = -x**2 - 6*x + 4. Give j(y).
4
Let k(m) = 6*m - 6. Let l(w) = -2*w + 1. Let z(q) = k(q) + 4*l(q). Let x(s) = 14*s**2 + 7*s + 7. Let d(c) = x(c) + 3*z(c). What is d(-1)?
14
Let k(g) be the third derivative of g**5/30 - g**4/24 - 14*g**3/3 + 144*g**2. What is k(5)?
17
Suppose 40*x - 29*x = 176. Suppose -2*l = -2, -5*f = 14*l - x*l - 63. Let w(g) = g**2 - 14*g + 1. Give w(f).
-12
Let r(k) be the first derivative of -4*k + 84 - 3*k**3 - 9/2*k**2 - 1/4*k**4. Calculate r(-8).
4
Let b(o) = -o**2 + 10*o - 15. Suppose 17*x = 13 + 21. Suppose -3*t - 42 = -5*q - t, 24 = x*q + t. What is b(q)?
-15
Let m(r) = 32*r - 2268. Let b be m(71). Let q(d) = -d**2 + 8*d - 1. Give q(b).
15
Suppose -35*o + 36*o = 23*o + 220. Let u(i) = 2*i**2 + 19*i. What is u(o)?
10
Let y(f) be the second derivative of -f**5/20 + 7*f**4/6 - 8*f**3/3 + 19*f**2/2 - f. Let i = 1189379 - 1189366. What is y(i)?
-20
Let k(p) = 243*p + 14. Let t(n) = -1276*n - 72. Let i(r) = -21*k(r) - 4*t(r). Suppose 0 = l - 2 - 5. Give i(l).
1
Let o = 43 - 40. Suppose 0 = 3*a - o - 3, -2*h + 4*a - 4 = 0. Let v be (12/10 - h)/((-4)/(-10)). Let y(x) = -3*x + 1. Calculate y(v).
7
Suppose -3*r - 2*n = -2*r - 17, -5*n = -10. Suppose -4*q + 12*w - 11 = 25, -3*w + 12 = 0. Suppose -16*b + q = -r*b. Let k(s) = 4*s + 1. Give k(b).
5
Let n(b) = -3 + 3*b + 34 - b + 14 - 7. Calculate n(-8).
22
Suppose 50*s + 82 + 148 = 30. Let z(h) = 2*h**3 + h**2 - 3*h - 6. Determine z(s).
-106
Let y(j) = -6*j - 20 + 4*j + 0 - 3*j - 33. Let f be y(-11). Let t(w) = 6*w**2 - w. Calculate t(f).
22
Let w be ((-10)/(-15))/(((-10)/3)/(-10)). Let x(o) be the second derivative of o**3/3 + o**2/2 - 2*o. Give x(w).
5
Suppose -4*v + 4*h = 9*h - 20, -2*v = -2*h + 8. Let c(w) = -4*w - 7. Let m(p) = -7*p - 13. Let d(s) = -5*c(s) + 3*m(s). Determine d(v).
-4
Suppose -j + 2*u = -1, -j - u + 645 = 653. Let r(h) = -h**3 - 4*h**2 + 7*h + 17. Give r(j).
7
Let t = -4281 + 4284. Let a(h) be the first derivative of h**4/4 - 4*h**3/3 + 3*h**2/2 - 3*h - 1. What is a(t)?
-3
Suppose -l = 4*o + 17 - 16, -4*o + 5*l + 29 = 0. Let z(j) = 0*j - 2*j + 2*j - 2*j. What is z(o)?
-2
Let d be (7/4)/((-1066)/4264). Let u be (11 - (0 - -1)) + -2. Let v(x) = -x + 9 + 2*x**2 - x**2 + u*x. Determine v(d).
9
Let o(j) be the third derivative of j**6/120 - j**5/5 + j**4/2 + 5*j**3/2 - 3*j**2 - 34. Determine o(11).
26
Let n(p) = -p**3 + 7*p**2 + 7*p + 10. Let g(m) = -m**3 + 3*m**2 + 13*m - 7. Let d be g(5). Let w be n(d). Let h(a) = 2*a**2 - a + 1. Calculate h(w).
7
Let d(m) = m. Suppose -3*i + 2 = -j - 2, 0 = i - 5*j + 8. Let h(b) = 15*b**2 + 0 - 14*b**i - 3 - 16*b. Let p be h(16). Calculate d(p).
-3
Let w(r) = r**3 + 11*r**2 + 10*r + 4. Let t = 5 + -15. Let l be w(t). Let s(h) = 10 + 4 - 8*h - 3*h**2 - l + 2*h**2. What is s(-9)?
1
Suppose -3*p - t = 2, 1 = 2*t - 1. Let n(w) = -w - 1. Let c(o) = -11*o**2 + 2*o + 2. Let k(i) = p*c(i) - 4*n(i). What is k(-1)?
11
Let u(j) = -2*j**3 - 5*j**2 - 6*j - 2. Let g be (-13 - -10)*(-2)/(-3). Give u(g).
6
Let u(r) = 2*r + 16. Let p be u(4). Suppose 3*l - 6*l + p = 4*b, -b - 5*l + 23 = 0. Let d(i) = -i**b + 2 + 3 + i**3 - i**3 + 3*i**2. What is d(4)?
-11
Let n(v) = -1. Let u(r) = r - 1. Let z(i) = 5*n(i) - u(i). Let x(q) = 26 - 5 + 14*q - 509*q**2 + 510*q**2 + 16. Let p be x(-9). Calculate z(p).
4
Let i(a) = -9*a + 32*a**2 - 9 - 10*a**2 - 21*a**2. Let f = -16 + 20. Suppose 40 + 5 = f*l + 5*s, 2*l - 25 = -5*s. Give i(l).
1
Let q(n) = -2*n - 16. Suppose -3*r = -2*i - 3*i + 174, 4*r = 5*i - 177. Suppose -2*b + i = b - 3*u, -3*u - 3 = -b. Suppose 0 = -3*k + b - 48. What is q(k)?
6
Let z(l) be the third derivative of -l**6/40 + l**5/60 + 3*l**4/8 + 5*l**3/6 + 1013*l**2 - 2*l. Calculate z(-2).
15
Let l(y) = -y**3 + 9*y**2 - 9*y - 2. Suppose 0 = 61*i - 66*i + 5*b + 55, -b - 43 = -5*i. Calculate l(i).
-10
Let r be 0*(-1 + (-7)/(-14)). Suppose o = 1 - r. Let w(k) be the first derivative of -3*k**4/4 - 2*k**3/3 + k**2 - k - 1. Calculate w(o).
-4
Let a(k) = 76 - 11*k + 24*k - k**3 - 9*k**2 - 58. What is a(-10)?
-12
Let z be (-693)/14*(0 - -2). Let y = z + 109. Let t(g) be the second derivative of -g**5/20 + 5*g**4/6 + g**3/6 - 7*g**2/2 + g. Give t(y).
3
Let i(o) = 485*o + o**3 + 0 + o**3 + 6*o**2 + 1 + 480*o - 964*o. Let f = -6 + 3. Determine i(f).
-2
Let g(j) = 360*j - 71*j - 69*j - 74*j - 73*j - 5 - 81*j. Let y(p) = p**3 - 3*p**2 - 4*p - 5. Let w be y(4). Give g(w).
35
Let w = 5105 - 5101. Let m(r) be the third der